)) + 4. What is the greatest common divisor of y and q?
10
Let q = -3 + 6. Suppose -q*n + 4 + 68 = 0. What is the highest common divisor of 60 and n?
12
Let x be (-29)/((-2 - -1) + -2 + 2). What is the highest common divisor of 203 and x?
29
Let n be 1827/28 + 3/(-12). Let i = -17 + 43. What is the greatest common factor of i and n?
13
Suppose 6*d = 10*d - 92. Calculate the greatest common factor of 184 and d.
23
Let s = 12 - 4. Let q(y) = y - 13. Let j be q(s). Let m(n) = n**3 + 5*n**2 + 3. Let h be m(j). Calculate the greatest common divisor of 24 and h.
3
Let c be ((-9)/4)/((-8)/448). Calculate the greatest common divisor of 14 and c.
14
Let u(l) = -l**3 - 5*l**2 + 7*l + 6. Let h be u(-6). Let m be (h - 1) + 1*45. Let i = 10 - 6. What is the highest common factor of i and m?
4
Let o be -4 - 115/(-6 + 1). What is the greatest common divisor of 38 and o?
19
Let s(j) = -2*j**2 + 5*j + 3. Let y be s(-3). Let z = -16 - y. Calculate the highest common divisor of z and 42.
14
Let b(q) = -q**2 - 8*q - 4. Let r be 96/(-15) - (-2)/5. Let h be b(r). Calculate the greatest common factor of h and 4.
4
Let a be 7 + (2 - (1 + 2)). Suppose l + 58 + 184 = 4*f, 238 = 4*f + l. What is the greatest common divisor of f and a?
6
Let f = 15 + 125. Suppose -2*u + 4*u + 175 = 5*o, 4*o + 2*u = f. What is the highest common divisor of o and 5?
5
Let w(c) = -c**2 - 5*c + 2. Let a be 5/(-3)*(5 + -2). Let d be w(a). Calculate the greatest common divisor of d and 10.
2
Let o be 34/(-153) + (-47)/(-9). Suppose -o*q + 4*q = -10. Calculate the highest common divisor of q and 10.
10
Let c be (-2)/(-4)*230 + 2. Let f = 7 + -10. Let i be (1*-26)/(-5 - f). Calculate the highest common divisor of i and c.
13
Let k(a) be the third derivative of -a**6/120 - 7*a**5/60 - a**4/3 - 3*a**3/2 - a**2. Let g be k(-6). Calculate the greatest common divisor of g and 33.
3
Suppose 0 = -d + 5*p - 8, 0*p + 2*p = -d + 27. Let o = d - 4. Calculate the highest common factor of 65 and o.
13
Let v = -17 - -52. Calculate the highest common factor of 10 and v.
5
Suppose -5*a + 2*s + 181 = -88, 0 = a + 2*s - 61. Suppose -r - 8 = -x, -r + 3*r = 3*x - 21. Calculate the highest common divisor of x and a.
5
Suppose 30 = -3*n + 4*n. Suppose 3*b - 225 = n. Suppose b = 4*w + w. Calculate the highest common divisor of 17 and w.
17
Suppose 3 = 9*x - 8*x. Suppose -x*n + 24 = n. Calculate the highest common factor of n and 3.
3
Suppose 0 = -19*u + 410 - 106. What is the greatest common factor of 24 and u?
8
Suppose 3*w = -5 - 4. Let r = w - -2. Let l be (15/r)/(6/(-16)). Calculate the greatest common factor of l and 16.
8
Let f be 10/((-4 - 40/(-12))*-3). Calculate the greatest common divisor of f and 115.
5
Suppose -2*w + 2*c = -16, 0*w - 2*w + 21 = -3*c. Suppose w*h = x - 18, -4*h = h. Suppose -162 = -2*v + 126. What is the highest common divisor of x and v?
18
Let b = -14 - -28. Calculate the greatest common divisor of b and 35.
7
Suppose 7*r - 10*r + 27 = 0. Calculate the highest common divisor of 90 and r.
9
Suppose 0 = r - 40 + 11. Suppose -4*b + 3*b - 12 = 0. Let c = r + b. Calculate the highest common factor of c and 85.
17
Let i be (-76)/(-18) + 4/(-18). Let x be (-24)/(-4)*(-6)/i. Let k = 0 - x. Calculate the greatest common factor of k and 1.
1
Suppose 3*d + d = 16. Let n(w) = -w + 6. Let t be n(d). What is the highest common factor of t and 4?
2
Suppose -2*q - 38 = -l, -l - 3 = q - 47. What is the greatest common factor of 210 and l?
42
Let g(l) = -l**3 + l**2 + 6*l + 9. Let r be g(-4). Calculate the greatest common factor of 13 and r.
13
Let l be (-2 - -2)/(4/(-2)). Suppose 5*w - 4*k - 96 = l, -2*w + 26 = -5*k - 9. What is the greatest common divisor of 30 and w?
10
Suppose 4 + 2 = 3*w + 3*u, 0 = w + 4*u + 7. Suppose 5 = i - w. Calculate the greatest common factor of 90 and i.
10
Let p(m) = m + 9. Let l be p(-9). Suppose -2*o + 49 - 17 = l. What is the greatest common divisor of 48 and o?
16
Suppose 2*f - 12 = -0*f. Suppose -n + f*y - 3*y = 0, 0 = 4*n + y - 26. Let r be n/(-4)*(-16)/6. Calculate the greatest common divisor of r and 4.
4
Let f be 1 + -2 - (6 - 2). Let h(q) = 2*q + 5. Let d be h(f). Let n(v) = 2*v**2 + 1. Let o be n(d). Calculate the highest common factor of 34 and o.
17
Suppose 0 = -2*o + m + 74, -5*m = -3*o - 2*o + 195. Calculate the greatest common divisor of 210 and o.
35
Let d(g) = g**3 - 3*g**2 + 2*g + 3. Let i be d(5). Calculate the greatest common factor of 9 and i.
9
Suppose -17 - 3 = -5*b. What is the highest common divisor of 4 and b?
4
Let k(m) = -17*m**3 - 1. Let p be k(-1). Let u(n) = -2*n - 6. Let r be u(-7). Calculate the greatest common divisor of p and r.
8
Let i be 6/15 + 66/10. Suppose -i*b + 3*b + 20 = -3*x, 2*b + x = 0. Suppose -s + 9 = 2*k, 3 = 4*k - 4*s - 9. What is the greatest common factor of k and b?
2
Let c be -2*(-4)/(32/220). Suppose -4*y + 5*m - m + 44 = 0, 5*y - 55 = -2*m. Calculate the highest common divisor of c and y.
11
Suppose 4*d + 90 = 2*z, 0 = 4*d + 12 + 8. Suppose 4*v + 2*p - 58 = 0, 5*p - 5 + 0 = 0. What is the greatest common divisor of z and v?
7
Let r = 16 - 10. Suppose -2*s = -r - 8. Let t = s - -1. Calculate the greatest common factor of t and 16.
8
Suppose -p = 1, 2*o - 85 = -0*o + p. Calculate the highest common divisor of 105 and o.
21
Let l(b) = -b**3 - 11*b**2 - 2*b - 15. Let s be l(-11). What is the greatest common factor of s and 35?
7
Suppose 4 = z - 2. Calculate the highest common factor of z and 42.
6
Let w = 78 + -38. What is the greatest common factor of w and 60?
20
Suppose -94 + 472 = 27*j. Let u be ((-2)/(-4))/((-2)/(-4)). Suppose u = o + 5*h - 18, o - 16 = -2*h. What is the highest common divisor of o and j?
14
Suppose -5*b + 140 = -3*o - 3*b, 3*b - 85 = 2*o. Let y = -16 - o. What is the greatest common factor of y and 51?
17
Let q be (-6)/(-15) - 90/(-25). Calculate the highest common divisor of 36 and q.
4
Let r(p) = 7*p**2 + 3*p - 16. Let k be r(-5). Calculate the highest common factor of k and 9.
9
Let n be (1 + (-5)/(-5))*17. Calculate the highest common divisor of 85 and n.
17
Let g = -33 - -88. Let n be g/4 + (-3)/(-12). Suppose 5*q + 24 = 2*h, h - 3*q = -q + n. Calculate the highest common factor of h and 22.
22
Suppose -176 = -4*u + 4*z, u - 68 + 12 = 4*z. Let l = 0 - -4. What is the highest common divisor of l and u?
4
Let c = -17 + 19. What is the greatest common factor of 2 and c?
2
Suppose m - 219 = -48. Let c = 1 + 4. Suppose -5*z - 4*n + 78 = -c, 28 = z - 3*n. Calculate the greatest common factor of z and m.
19
Let x be (2 - 3/1)*-1. Calculate the highest common factor of x and 1.
1
Suppose -7*p + 9*p - 22 = 0. Let s(k) = k**2 - 10*k - 9. Let b be s(p). Calculate the highest common divisor of b and 8.
2
Let p(g) = -g**2 - g + 2. Let v(q) = -4*q**2 - 4*q + 8. Let z(u) = -26*p(u) + 6*v(u). Let y be z(2). Calculate the highest common divisor of 1 and y.
1
Let u = -7 - -21. Calculate the greatest common factor of 14 and u.
14
Let r be 80/(-6)*9/(-6). Suppose 12*q = 17*q - 200. What is the greatest common divisor of r and q?
20
Suppose 0 = 2*s + 2*s - 8. What is the highest common factor of 2 and s?
2
Let h be 3*433/3 - 2. Suppose -h = -5*v + 69. What is the greatest common divisor of v and 25?
25
Let p = -23 + 34. Suppose -p + 0 = j. Let f be (-3)/(-2)*(-3 - j). Calculate the greatest common divisor of f and 2.
2
Let z(r) = -5*r - 12. Let i be z(-10). Suppose 5*k + 29 = 3*v - 68, 2*k = -2*v - 42. Let c = k + i. What is the greatest common factor of c and 90?
18
Let g(w) = w**2 - w + 1. Let n be g(3). Suppose 261 = 4*l + 49. Suppose b = 2*b + 2*s - 57, -l = -b - s. What is the highest common divisor of b and n?
7
Let x be (-28)/(21/(-15) - -1). Suppose -k + 0*h - 2*h = -28, -3*k - 5*h + 84 = 0. Calculate the highest common factor of x and k.
14
Let m = 35 + 45. Let b be ((-2)/6)/((-1)/15). Suppose 1 = -2*q + 4*f + 5, -3*q - b*f = -50. Calculate the highest common divisor of q and m.
10
Let c be ((-6)/4)/(15/(-20)). Suppose 3*d + c = 17. What is the highest common factor of d and 5?
5
Let c be (5/(-2))/((-1)/278). Suppose c = 4*r + 191. What is the greatest common factor of 18 and r?
18
Let p = 42 - 17. Calculate the highest common factor of p and 200.
25
Suppose 0 = 5*y - 3*y - 64. Suppose 5*v - k = y, -3*v